et l(o) = -o**3 + o**2 + o - 7. Determine l(b).
-7
Suppose -a + 9 = 2*a. Let x(m) = -4*m**2 + 6*m - 4. Let p be -1 + 0 + 1 + 1. Let y(v) = -v**2 + v - 1. Let c(n) = p*x(n) - 3*y(n). Calculate c(a).
-1
Let m(x) = 3*x**3 - 8*x**2 + 7*x + 1. Let u(c) = -c**3 + c**2. Let i(q) = -m(q) - 4*u(q). Determine i(-5).
9
Let r(o) = o**3 - 11*o**2 - 2. Let n be r(11). Let v(h) = -9*h + 2. What is v(n)?
20
Suppose -3 = 5*b - 28. Let k(w) = w**2 - 6*w - 5. Determine k(b).
-10
Let w(r) = -14*r - 3*r**2 + 4*r**2 - 1 + 3 + 24*r. Determine w(-10).
2
Let a(y) = 6*y**3 + 1. Let n(c) = c - 1. Let h(i) = i. Let t(p) = h(p) - 3*n(p). Let o be t(2). Determine a(o).
-5
Suppose -2*w - 1 = -9. Suppose 0*g + 4*m = -4*g + 44, -2*g + 2*m = -6. Let z(c) = c + 1. Let r(t) = t. Let b(j) = g*r(j) - 6*z(j). Calculate b(w).
-2
Let q be ((-2)/3)/((-4)/42). Suppose 0 = 4*v + q + 1. Let h(w) be the first derivative of w**3 + 3*w**2/2 - 2. What is h(v)?
6
Let g(a) = 8*a + 17. Let v(m) = 3*m + 6. Let h(d) = d - 15. Let y be h(11). Let c(u) = y*g(u) + 11*v(u). Suppose -o = -2*o + 5. Give c(o).
3
Let k(h) be the first derivative of h**4/4 + 5*h**3/3 + h**2 + 5*h + 1. Suppose -9 = -4*o + 15. Suppose -o*j - 19 = -2*j - w, -4*w = -j - 1. Give k(j).
-5
Let f(b) = -7*b - 5. Let a(w) = 4*w + 3. Let m(r) = 5*a(r) + 3*f(r). Calculate m(-6).
6
Let j(p) = 4*p - 3*p**2 - 3*p + p**3 + 0*p**2. Calculate j(3).
3
Let o(t) = t + 8. Let q be o(-13). Let m = q - -8. Let l(k) = -k**3 + k**2 + 4*k + 1. Calculate l(m).
-5
Let c = 23 - 19. Let s(k) = c*k + 0*k - 1 + 2*k - 2*k. Calculate s(3).
11
Let f(z) = 2*z - 1. Let r(v) = -1. Let u(h) = -f(h) - 2*r(h). Suppose -7 = -y - 4. Suppose -14 = -y*x + 1. What is u(x)?
-7
Let c = -37 - -36. Let a(l) = 10*l**2 + 2*l + 1. Determine a(c).
9
Suppose c = 3*c - 2*g - 8, 3*c - 4*g = 10. Suppose d + d = c. Let r(f) = -f**3 + 0 - 2*f + d + 5*f**3 - 5*f**3 + f**2. Give r(2).
-5
Let b(w) = -8*w**3 + 4*w**2 - 3*w. Let l(r) = -9*r**3 + 5*r**2 - 4*r. Let i(m) = 4*b(m) - 3*l(m). Let s(a) = 2*a - 9. Let k be s(5). What is i(k)?
-4
Let v(y) = 2*y**2 - 2. Let j(x) be the second derivative of x**3/6 - 3*x**2 + 3*x. Let p be j(0). Let u = 8 + p. Determine v(u).
6
Suppose -3*n + 5 = -3*v - 2*n, v + n = 5. Let l(m) = 2 + 2*m + v*m + m - 4*m. Let f(p) = p**3 + 6*p**2 + 4*p - 2. Let w be f(-5). Calculate l(w).
-1
Let s(h) be the second derivative of h**3/3 - h**2/2 + 22*h. Calculate s(-3).
-7
Let r(f) = 2*f - 8. Let v be r(5). Let h(x) = 5*x**3 - 3*x**v + 7*x**3 - 2 - 13*x**3. Determine h(-2).
-6
Let c be 5/(-20)*(-13 + 1). Let f(i) be the first derivative of -i**3/3 + i**2/2 - 2*i - 2. Calculate f(c).
-8
Let m(r) = r**3 + 3*r**2 + 5 + 0*r**3 + 0*r**3 - 3*r. Suppose 0 = -4*y + 19 - 3. Suppose 3*i - 8*v + 3*v + 2 = 0, 0 = -y*i + 4*v - 8. Calculate m(i).
1
Let s(v) be the second derivative of -v**8/6720 + v**7/2520 + v**6/144 - v**5/60 + v**4/4 - 9*v. Let j(l) be the third derivative of s(l). Calculate j(3).
-5
Let d = 8 + -11. Let b be 0 - 0 - (-15)/d. Let h be 0/(-2) - (3 + b). Let o(r) = 2*r**2 - r + 1. Determine o(h).
7
Let r(q) = 3*q**2 - 8*q - 4 - 2 - 4*q**2. Let u be r(-6). Let j(m) = 0*m + 0*m - u*m - 3 - 4*m**2 + 5*m**2. Calculate j(5).
-8
Suppose -8*l = 26 - 18. Let c(w) = -w**3 - 1. Determine c(l).
0
Let l be 1 + 0 - (1 + -4). Let m(z) = z**3 + 3*z + 3. Let u(f) = f**3 - 2*f + 22 - 2*f**3 + f**2 - 25. Let s(t) = -3*m(t) - 4*u(t). Calculate s(l).
-1
Let f(c) = -c**3 - 4*c**2 - c - 2. Let u be f(-4). Let g(z) = 17*z - 11*z - 5*z + z**u - 2. Give g(-2).
0
Let x(i) = i**3 - 6*i**2 + 5*i + 6. Let m be (-3*1)/((-2)/2). Suppose -z = 5*g - 0*z - 3, -4*g - m*z = -9. Suppose d = c, g = -d + 2 + 3. Determine x(c).
6
Let y(m) = m**3 + 5*m**2 + 1. Suppose -21 + 1 = 4*g. Determine y(g).
1
Let m(w) be the second derivative of -w**5/20 + w**4/3 + w**3/2 - w**2 - 6*w. Give m(5).
-12
Let y = 10 - 1. Let k = -6 + y. Suppose -7 - 8 = -k*n. Let i(s) = -s**2 + 4*s + 2. Determine i(n).
-3
Suppose 0 = -2*v + v. Suppose -5*t = -v*t - 2*n + 24, -3*t - 14 = -n. Let g(q) = q - 1. What is g(t)?
-5
Let a(v) = -6*v - 4*v + 5*v - 5 + 8. Give a(2).
-7
Let h(n) = -n + 2. Suppose -1 = -g + 3. Calculate h(g).
-2
Suppose -o + 4 = -1. Let m(d) = 1. Let x(p) = 2*p + 28. Let z(u) = u + 9. Let t(j) = 3*x(j) - 8*z(j). Let b(l) = 5*m(l) - t(l). Calculate b(o).
3
Let r be (0 + -1)/((-1)/2). Let p(c) = -c + 14. Let o be p(11). Let w(k) = k**3 - 3 + 0*k**3 + 5 + 0*k**o + k**2 - 3*k. What is w(r)?
8
Let h(u) = -u**3 - u**2 - u - 1. Let v(b) = 2*b**3 - b**2 + 5*b + 7. Let a(l) = 3*h(l) + v(l). Give a(-4).
-4
Let z(f) = f**3 - f. Let j(b) be the third derivative of b**5/60 + 7*b**4/24 - 7*b**3/6 + b**2. Let d = 12 - 20. Let o be j(d). Give z(o).
0
Let q(n) = -n**3 - 6*n**2 - 6*n - 2. Let a be q(-5). Let w(j) = -j**2 + j. Give w(a).
-6
Suppose -3*c + 5 = -7, -5*c + 21 = -t. Let i(b) = -b. Let f(v) = 5*v**2 + 7*v + 1. Let a(y) = -f(y) - 5*i(y). Calculate a(t).
-4
Let f(a) = 2 + 0 + 2*a - 3*a - a**2 - 2*a. Calculate f(-3).
2
Let a(q) = 2*q**2 + 6*q - 11. Let n(p) = 4*p**2 + 13*p - 21. Let h(b) = -5*a(b) + 3*n(b). Let l(w) = w**2 + w - 1. Let y(m) = -h(m) + 5*l(m). Give y(2).
7
Let a(j) = 13*j - 6. Let l(t) = 1. Let f(d) = -a(d) - 5*l(d). Let h be f(-1). Let b = h + -10. Let s(c) = -c**3 + 3*c**2 + 3*c + 1. What is s(b)?
-3
Let v(d) = d - 1. Let f(u) = -u**2 + 10*u - 12. Let a(n) = -f(n) + 3*v(n). Let l be -2 - ((-3 - -1) + 3). Let w = l - -9. Determine a(w).
3
Let q(x) be the third derivative of x**6/120 - x**5/60 + x**4/6 - x**3/2 - 18*x**2. Give q(2).
9
Let h be (3/1)/(15/(-10)). Let t = 1 - h. Let q(a) = 1 + t*a - 4*a + 2*a. What is q(5)?
6
Suppose 0 = -2*g + 5*f - 24, 0 = -3*g - 3*f + 6 - 0. Let d = 3 + g. Let o(x) be the third derivative of x**5/15 - x**4/24 + x**3/6 - 4*x**2. What is o(d)?
4
Let j(k) = -k + 4*k - 2*k. Let r = -214 - -209. Determine j(r).
-5
Let a(l) be the second derivative of -l**5/10 - l**4/6 + l**3/6 + l. Let m = 73 - 72. What is a(m)?
-3
Let r(o) = o**3 + 7*o**2 + 7*o + 6. Let y be r(-6). Let u(a) = 2*a + y*a - 2 - 3*a. Calculate u(-2).
0
Let z(v) be the third derivative of v**3 + 0 + 8*v**2 + 0*v + 1/6*v**4. What is z(-5)?
-14
Let x(n) = -n**2 - 8*n - 7. Let p be (-10)/(((-8)/(-6))/((-2)/(-3))). Give x(p).
8
Let p(l) be the third derivative of -l**5/60 - l**4/12 + l**3/6 + l**2. Let s(m) = -m**2 - 5*m + 7. Let n be s(-6). Calculate p(n).
-2
Let r(j) = 2*j + 1. Suppose 2*l = -5*z - 2*l + 40, z - 5*l + 21 = 0. Give r(z).
9
Let w(z) = z**3 - z**2 - 3*z + 2. Let r = -8 - -10. What is w(r)?
0
Let y be 1*(-6)/8*-4. Let n(m) = 2*m**2 - 2*m + 1. Calculate n(y).
13
Let y(c) = c. Let x be (40/(-12) + 2)*3. Give y(x).
-4
Let j(b) = 2*b**3 - 2*b**2 + 2*b - 1. Let f(p) = -2*p**3 + 2*p**2 - 3*p + 2. Let i(q) = 2*f(q) + 3*j(q). Calculate i(2).
9
Let g(t) = -4*t - 3. Suppose -2*q = 4*b - 12, -3*b + 0*b + 2*q + 9 = 0. Calculate g(b).
-15
Let f(k) = 6*k**2 + 11*k - 8. Let z(m) = -7*m**2 - 12*m + 9. Let j(u) = 6*f(u) + 5*z(u). Suppose -4*c - 32 = 4*q, -5*c = 2*q - 0*q + 28. Determine j(q).
-11
Suppose -2*r = -2*g + 18, 3*r + 41 = 4*g - 2*r. Let d be g/6 - 2/(-6). Let j(w) = -6*w. Let c(s) = s. Let b(x) = 4*c(x) + j(x). Determine b(d).
-2
Let w(n) be the first derivative of n**3/3 + 2*n + 3. Calculate w(-2).
6
Let y(m) = -m + 3. Let t(o) = -6 + 6*o - 4*o + o. Let j be t(4). Determine y(j).
-3
Let q(g) = g + 1. Let h(t) = 2*t - 14. Let y be h(7). What is q(y)?
1
Let u be (4/(-10))/((-9)/(-90)). Let q(g) = g**2 + 7*g + 4. Calculate q(u).
-8
Let m be (-12)/30 - (-32)/5. Let l(o) be the third derivative of 0 - 7/6*o**3 + o**2 + 1/15*o**5 - 1/120*o**m + 7/24*o**4 + 0*o. Determine l(5).
3
Suppose 4*d - 2*z - 10 = 3*d, 5*d - 2*z - 18 = 0. Let t(s) be the third derivative of s**5/60 - s**4/12 + 6*s**2 - s. Give t(d).
0
Let d = -35 + 141/4. Let t(r) be the first derivative of 4/3*r**3 + 2 - r**2 - d*r**4 - r. Determine t(2).
3
Let a(k) = 5*k**3 + k**2 + 11*k + 1. Let b(o) = o**3 + o**2 + o. Let n(c) = -a(c) + 6*b(c). What is n(-6)?
-7
Let h(j) = 3*j - 3. Let r be h(2). Let u be (-1)/(3 + 2/(-1)). Let b be (2 + u)/(3/r). Let q(f) = -4*f**3. What is q(b)?
-4
Let y(p) = -p + 11. Let h = 13 + -9. Suppose 4*k - h*s = 20, -s + 2*s = 2*k - 9. Suppose -2*x + k = 0, 3*o + 4*x = -2*o + 33. Give y(o).
6
Let r(z) = 3*z - 5. Let f(n) = -n